 t + 18429. Let v = 57 + -57. Is s(v) composite?
True
Suppose -6*k + 2*k - 5*j = 24, 0 = -5*j. Let q be k/21 + (-4692)/(-7). Suppose -8*s = -3*s - q. Is s a composite number?
True
Suppose 19*z + 466 - 13937 = 0. Let f = 767 - z. Is f a prime number?
False
Suppose 0 = 4*a - 10 - 10. Suppose -2*b = 4*d - 7*b - 15, 0 = a*d + b + 3. Suppose -2*j = 4*z - d*z - 2596, 0 = -j. Is z composite?
True
Let w(i) = -132575*i - 162. Is w(-1) a prime number?
False
Is -781*55046/(-187) - ((0 - 1) + 2) a prime number?
True
Let o be ((-231065)/74)/((-1)/2). Let g = -2894 + o. Is g composite?
True
Suppose -y = 2*y - 195. Let l be 1/5 - (6 - 202*8/(-80)). Let d = y - l. Is d a prime number?
False
Let c(y) = -11*y - 29. Let o be c(-3). Let r(m) = 76*m**3 + 2*m**2 - 4*m + 9. Is r(o) composite?
False
Let y = 10 - 6. Suppose -6*p + 44 = 26. Suppose 2*c - p*c - 1807 = -2*q, -3*q - y*c + 2683 = 0. Is q composite?
True
Let a be (10*(-6)/(-36))/((-1)/102). Let u = a + 5923. Is u a composite number?
True
Let b = -370 + 366. Is ((-14)/21)/(b/95514) composite?
False
Suppose 2*a + 1279 + 391 = -4*s, 0 = 2*s + 10. Let y(i) = i**3 - 34*i**2 + 114*i - 21. Let g be y(23). Let r = a - g. Is r prime?
True
Is (3 - 2)/(102/6692118) prime?
True
Suppose -11*b = -19*b + 16. Suppose 0 = -b*t - 4*x + 3936 + 1470, 5*t - 2*x = 13527. Is t composite?
True
Suppose -3*s = -5*s + 2*b + 676, 3*s - 1054 = -5*b. Suppose -s = -12*c - 67. Is c a composite number?
False
Let m(h) = -44*h - 7. Suppose 6*w = 9 + 9. Let k(d) = -44*d - 7. Let u(t) = w*m(t) - 4*k(t). Is u(13) prime?
False
Let z = -142499 - -357792. Is z prime?
False
Let d(p) be the second derivative of p**5/20 - 23*p**4/6 - 58*p**3/3 + 8*p**2 - 67*p. Is d(49) a prime number?
False
Is (2 - 1)/(5/942895) composite?
False
Suppose 13*x = 18*x + 13575. Let k = x + 1615. Let f = -331 - k. Is f a composite number?
False
Suppose 876*p - 663000948 = 144*p. Is p composite?
True
Is (-5)/3 + (-277360)/(-6) - (-30)/(-5) composite?
False
Let s be 356/(-30) - 2 - (-24)/(-180). Is (-2)/(-7) + (-22690)/s composite?
False
Suppose -17*k - 34*k + 1068763 = 20*k. Is k a prime number?
True
Let k = -481614 - -1027615. Is k prime?
True
Let k be ((-1)/(-5))/((-6)/(-30)). Is (k/((-10)/(-614)))/(18/90) prime?
True
Let f(b) = 38268*b + 1249. Is f(16) a composite number?
True
Suppose -g + 3*g + 42 = 2*d, -3*g = 5*d - 97. Suppose -6*c + d = -2*c. Is c*-107*(0 + -1) a composite number?
True
Let r(c) be the first derivative of -c**4/4 - 31*c**3/3 + 83*c**2/2 - 34*c - 63. Is r(-35) composite?
True
Suppose 0 = -5*k - 3 + 158. Let r(b) = 80*b - 14*b - 14*b + k*b - 13. Is r(6) prime?
False
Suppose -193*g - 19100452 = -221*g. Is g composite?
True
Let a(d) = -870*d - 5. Is a(-72) a composite number?
True
Let s(d) = -2*d - 28. Let a be s(-8). Let l = a - -14. Is (0 - (0 + 0))/l - -1657 composite?
False
Suppose 0 = 2*t - 4*t - n + 14, -5*t + 57 = -3*n. Let i be -3 - (-52)/t - (-2)/9. Suppose 268 = i*a - 1319. Is a composite?
True
Suppose -2*c + 3*f = -54, -5*f = -4*c - 0*c + 108. Let u(r) be the second derivative of -r**5/20 + 31*r**4/12 - 5*r**3 + 65*r**2/2 - r. Is u(c) a prime number?
False
Suppose 180761 = 8*a - a. Let c = a - 15544. Is c a prime number?
False
Let z be ((-20)/6 + 2)*54/12. Is (16/20 - 0)/(z/(-165)) a composite number?
True
Let f(m) be the first derivative of 265*m**3/3 - m**2 - 42. Let l(z) = z**2 + 7*z + 13. Let w be l(-4). Is f(w) prime?
True
Is (-78)/104*985852/(-21) a prime number?
False
Let b(q) = -2533*q**2 + 6*q - 9. Let r be b(3). Let n = r + 32531. Is n a prime number?
True
Let y(s) = 63446*s - 4863. Is y(23) a prime number?
False
Suppose s + 50 = 5*t, -2*t - 3 + 1 = 4*s. Is 2361 - (-3 + 3/9*t) composite?
True
Let c be 2 + 52/6 + (-5)/(-15). Let g(h) = -h**3 + 11*h**2 + h - 1. Let o be g(c). Let x(f) = 3*f**3 - 4*f**2 + 11*f - 5. Is x(o) a prime number?
False
Let h(m) = 34*m**2 + 11*m + 52. Let g be h(18). Let v = 7437 + g. Is v composite?
True
Suppose -2*a + 96583 + 40951 = 0. Is a prime?
True
Is 27/(-63) + 1816*29806/98 composite?
True
Let r = 222438 - 103297. Is r composite?
True
Suppose -w - 4*b + 9 = -2*w, -5*w = 5*b + 45. Let o(z) = -3*z**3 - 9*z**2 + 21*z - 10. Is o(w) a composite number?
False
Suppose -6*u = -39 - 129. Suppose -u*t = -81712 + 14316. Is t a composite number?
True
Suppose t = 4*v - 2*t - 12, 2*v + 8 = -2*t. Suppose 10 = 2*j - v*j. Suppose 4*r + 148 - 37 = f, j*r = 10. Is f a composite number?
True
Suppose 3*i = 5*z - 150120, 5*z = -4*i - 77488 + 227573. Is z a composite number?
True
Let l(r) = -r + 12. Let b be l(7). Let u(o) = -11*o**2 + b*o + 4*o**2 + 0*o**2 - 3 + 20*o**2. Is u(-4) a composite number?
True
Let g(d) = d - 25. Let t be g(20). Let x(b) = 19*b**2 - 7*b - 11. Let m(a) = 17*a**2 - 8*a - 10. Let i(w) = -3*m(w) + 4*x(w). Is i(t) a composite number?
False
Let y(a) = -9*a - 35. Let o = -9 + 1. Let u be y(o). Is u - 3 - 6/2 a composite number?
False
Let q = 521 - 705. Let k = q + 1095. Is k a composite number?
False
Is (4/(8/3820182))/(1 - -2) a composite number?
False
Suppose -3550*v + 3559*v = 4164039. Is v a prime number?
False
Let g(b) = 5*b**3 + 7*b**2 + 7*b - 11. Suppose 3*p - 29 + 14 = 0. Let h be g(p). Let v = 575 + h. Is v prime?
True
Let c(x) = -1277 + 103*x**2 + 1277 + 6*x. Is c(7) prime?
False
Suppose 2*q - 3*z = -4*z + 9, -2*q = 2*z - 6. Let v be 3*((-4)/(-12) + 2/q). Suppose 4*g = -v*d + 15180, g + 0*d - 3797 = -d. Is g prime?
True
Suppose 7*t - 4*t = 6. Suppose 0 = -t*f - f + 3072. Let d = f - 467. Is d a prime number?
True
Suppose 3*p = 4*w, 3*w = -2*p + p + 13. Suppose 3*j + 5*m + 31 = 0, -4*m + 31 = -p*j - 21. Is j/(-3) + 0 - -135 composite?
False
Let c(j) = 18561*j + 26. Let v be (14/(-18))/(-1) - 64/(-288). Is c(v) composite?
False
Is (67 + 21127)/(3 + 19/(-7)) composite?
True
Let z(p) be the second derivative of 9*p**5/5 + p**4/6 + p**3/6 - 25*p**2/2 - 14*p + 7. Is z(6) prime?
True
Let m = 24222 + -1472. Is (-14)/21 + (-2 - m/(-15)) composite?
True
Is 10 - (-4 - 5 - 38599) prime?
False
Suppose 0 = 4*o + 5*u - 186, -4*o = u - 207 + 29. Let r = 47 - o. Is (-1472)/(-2) - (r - 4) composite?
True
Let g(n) = -37673*n**3 - n**2. Let r be g(-1). Suppose -13*j - r = -21*j. Is j a composite number?
True
Let m(g) = -289*g + 20. Let l(x) = -578*x + 40. Let w(d) = 4*l(d) - 9*m(d). Let z be w(-4). Let q = -289 - z. Is q a prime number?
True
Suppose 5*j + 4*d + d = 5, 3*d = -j - 1. Suppose j*z + 9929 = f, 3*f - 18451 = -4*z + 11366. Is f a composite number?
True
Let t = 69 + -64. Suppose 0 = t*c - 3*y - 2468, -4*c = -c + y - 1478. Is c a composite number?
True
Suppose 3371*t - 3358*t = 181805. Is t a prime number?
False
Let s = 74732 - -19821. Is s a prime number?
False
Let s(z) = -5*z + 73. Let l be s(13). Suppose 1317 + 2035 = l*w. Is w composite?
False
Let s = -219036 - -416713. Is s a prime number?
True
Let s = 26996 - 13688. Let q = s + -8039. Is q prime?
False
Suppose 93*l - 127*l = -127466. Is l prime?
False
Let j = 609 + 710. Is j composite?
False
Let u(c) = 114923*c**2 + 53*c - 47. Is u(1) a composite number?
True
Let c = -12888 + 29207. Is c a prime number?
True
Let y be (-3)/(-9)*(-2 + 8). Suppose 5*z = 2*m - 1978 - 206, -2*m - y*z + 2170 = 0. Is m prime?
True
Suppose 0*y - 3*y = -3*t, y + 4*t = -25. Suppose 45 = 62*h - 47*h. Is y + h + (1560 - 0 - -3) a prime number?
False
Suppose 49*k + 30 = 54*k. Let y be (1 - 7)/(4 - k). Suppose 3*h - 5779 = -v, h - v - 1923 = -y*v. Is h a prime number?
False
Suppose 13 - 27 = -2*b. Let g(z) = 1672*z**2 + 5*z + 3. Let u be g(-3). Suppose -b*l + u + 77 = 0. Is l prime?
False
Let a = -32 - -32. Let t be -2 - (149 + 0)*-7. Suppose a = 3*g - 990 - t. Is g a prime number?
True
Let l = -9 + 0. Let s be (183/l)/(3/(-81)). Suppose 5*x - s = 61. Is x a prime number?
False
Let r(c) = -c**2 + 3*c + 60. Let f be r(0). Let k be (-1)/((-14)/f) - 12/42. Suppose a = 5*g - 635, 0 = 4*g - 9*a + k*a - 508. Is g a prime number?
True
Suppose 9*q + 21362 = 192785. Suppose 13*r = 6*r + q. Is r a prime number?
False
Let m = -26124 + 13762. Suppose -4*p + 17458 = 52030. Let t = p - m. Is t prime?
True
Suppose 3*i = 35 - 2. Suppose i = 12*s - 13. Is (s/1*(-515)/2)/(-1) a prime number?
False
Suppose -52*j = -59*j - 47978. Let t = j + 9781. Is t composite?
False
Let c(g) = -g**3 - 8*g**2 -